{"id":2311,"date":"2023-05-17T12:21:30","date_gmt":"2023-05-17T12:21:30","guid":{"rendered":"https:\/\/avanteportasdeaco.com.br\/home\/avante\/?page_id=2311"},"modified":"2023-07-18T14:25:40","modified_gmt":"2023-07-18T14:25:40","slug":"automatizador-ac","status":"publish","type":"page","link":"https:\/\/avanteportasdeaco.com.br\/home\/avante\/automatizador-ac\/","title":{"rendered":"Automatizador AC"},"content":{"rendered":"\t\t<div data-elementor-type=\"wp-page\" data-elementor-id=\"2311\" class=\"elementor elementor-2311\">\n\t\t\t\t<div class=\"elementor-element elementor-element-22e3e0d e-flex e-con-boxed wpr-particle-no wpr-jarallax-no wpr-parallax-no wpr-sticky-section-no wpr-equal-height-no e-con e-parent\" data-id=\"22e3e0d\" data-element_type=\"container\" data-settings=\"{&quot;background_background&quot;:&quot;classic&quot;}\">\n\t\t\t\t\t<div class=\"e-con-inner\">\n\t\t\t\t<div class=\"elementor-element elementor-element-34bcd810 elementor-widget__width-initial elementor-widget elementor-widget-heading\" data-id=\"34bcd810\" data-element_type=\"widget\" data-widget_type=\"heading.default\">\n\t\t\t\t<div class=\"elementor-widget-container\">\n\t\t\t\t\t<h2 class=\"elementor-heading-title elementor-size-default\">Automatizadores<\/h2>\t\t\t\t<\/div>\n\t\t\t\t<\/div>\n\t\t\t\t\t<\/div>\n\t\t\t\t<\/div>\n\t\t<div class=\"elementor-element elementor-element-6706c31 e-flex e-con-boxed wpr-particle-no wpr-jarallax-no wpr-parallax-no wpr-sticky-section-no wpr-equal-height-no e-con e-parent\" data-id=\"6706c31\" data-element_type=\"container\">\n\t\t\t\t\t<div class=\"e-con-inner\">\n\t\t<div class=\"elementor-element elementor-element-8de3a12 e-flex e-con-boxed wpr-particle-no wpr-jarallax-no wpr-parallax-no wpr-sticky-section-no wpr-equal-height-no e-con e-parent\" data-id=\"8de3a12\" data-element_type=\"container\">\n\t\t\t\t\t<div class=\"e-con-inner\">\n\t\t<div class=\"elementor-element elementor-element-de9a68c e-flex e-con-boxed wpr-particle-no wpr-jarallax-no wpr-parallax-no wpr-sticky-section-no wpr-equal-height-no e-con e-parent\" data-id=\"de9a68c\" data-element_type=\"container\" data-settings=\"{&quot;background_background&quot;:&quot;classic&quot;}\">\n\t\t\t\t\t<div class=\"e-con-inner\">\n\t\t\t\t<div class=\"elementor-element elementor-element-6d94e87 elementor-widget__width-inherit elementor-widget elementor-widget-heading\" data-id=\"6d94e87\" data-element_type=\"widget\" data-widget_type=\"heading.default\">\n\t\t\t\t<div class=\"elementor-widget-container\">\n\t\t\t\t\t<h2 class=\"elementor-heading-title elementor-size-default\">Automatizadores Sistema AC<\/h2>\t\t\t\t<\/div>\n\t\t\t\t<\/div>\n\t\t\t\t\t<\/div>\n\t\t\t\t<\/div>\n\t\t\t\t\t<\/div>\n\t\t\t\t<\/div>\n\t\t\t\t<div class=\"elementor-element elementor-element-23a8ecf elementor-widget elementor-widget-text-editor\" data-id=\"23a8ecf\" data-element_type=\"widget\" data-widget_type=\"text-editor.default\">\n\t\t\t\t<div class=\"elementor-widget-container\">\n\t\t\t\t\t\t\t\t\tSistema de alimenta\u00e7\u00e3o el\u00e9trica, de corrente alternada, essa \u00e9 a forma mais comum de eletricidade que chega a\nnossas casas, empresas e ind\u00fastrias. Os automatizadores AC utilizam esse sistema e s\u00e3o ligados diretamente \u00e1\nrede el\u00e9trica e n\u00e3o possuem central de comando com Nobreak e controle remoto com\n2 acionadores j\u00e1 unificado com botoeira para acionamento interno.\nPor esse Motivo em caso de falta de energia, seu acionamento ser\u00e1 feito manualmente por meio de uma corrente (talha) que acompanha o automatizador. O kit controle sem fio tem que ser instalado separadamente assim como seus demais acess\u00f3rios.\t\t\t\t\t\t\t\t<\/div>\n\t\t\t\t<\/div>\n\t\t\t\t<div class=\"elementor-element elementor-element-abe00bc elementor-widget elementor-widget-heading\" data-id=\"abe00bc\" data-element_type=\"widget\" data-widget_type=\"heading.default\">\n\t\t\t\t<div class=\"elementor-widget-container\">\n\t\t\t\t\t<h2 class=\"elementor-heading-title elementor-size-default\">Monof\u00e1sica 220 v<\/h2>\t\t\t\t<\/div>\n\t\t\t\t<\/div>\n\t\t\t\t<div class=\"elementor-element elementor-element-a391d95 elementor-widget__width-auto elementor-widget-mobile__width-initial elementor-widget elementor-widget-heading\" data-id=\"a391d95\" data-element_type=\"widget\" data-widget_type=\"heading.default\">\n\t\t\t\t<div class=\"elementor-widget-container\">\n\t\t\t\t\t<h2 class=\"elementor-heading-title elementor-size-default\">DC AC200 AT\u00c9 AC2000<\/h2>\t\t\t\t<\/div>\n\t\t\t\t<\/div>\n\t\t\t\t<div class=\"elementor-element elementor-element-34aaa85 elementor-widget__width-initial elementor-widget-mobile__width-initial elementor-widget elementor-widget-Table\" data-id=\"34aaa85\" data-element_type=\"widget\" data-widget_type=\"Table.default\">\n\t\t\t\t<div class=\"elementor-widget-container\">\n\t\t\t\t\t\t\t<table class=\"tafe-table \">\n\t\t\t<thead  class=\"tafe-table-header\">\n\t\t\t\t<tr>\n\t\t\t\t\t<th class=\"elementor-inline-editing elementor-repeater-item-edaa142\"   >Tipo<\/th><th class=\"elementor-inline-editing elementor-repeater-item-6cfbbd6\"   >Medidas<\/th>\t\t\t\t<\/tr>\n\t\t\t<\/thead>\n\t\t\t\t\t\t<tbody class=\"tafe-table-body\">\n\t\t\t\t<tr>\n\t\t\t\t\t<td data-label=\"Tipo\"   class=\"elementor-repeater-item-4b6b9b9 td-content-type-default\" >AC 200 Kg<\/td><td data-label=\"Medidas\"   class=\"elementor-repeater-item-01878b8 td-content-type-default\" >CT1: Compr. 530mm x Alt. 314mm Com Bolacha 4\"<\/td><\/tr><tr><td data-label=\"Tipo\"   class=\"elementor-repeater-item-ed81db4 td-content-type-default\" >AC 300 Kg<\/td><td data-label=\"Medidas\"   class=\"elementor-repeater-item-f2e04f3 td-content-type-default\" >CT2: Compr. 548mm x Alt. 363mm Com Bolacha 4\"<\/td><\/tr><tr><td data-label=\"Tipo\"   class=\"elementor-repeater-item-c997ffa td-content-type-default\" >AC 400 Kg<\/td><td data-label=\"Medidas\"   class=\"elementor-repeater-item-d680693 td-content-type-default\" >CT8: Compr. 580mm x Alt. 395mm Com Bolacha 4\"<\/td><\/tr><tr><td data-label=\"Tipo\"   class=\"elementor-repeater-item-2d36340 td-content-type-default\" >AC 500 Kg<\/td><td data-label=\"Medidas\"   class=\"elementor-repeater-item-23a63e0 td-content-type-default\" >CT3: Compr. 593mm x Alt. 424mm Com Bolacha 5\"<\/td><\/tr><tr><td data-label=\"Tipo\"   class=\"elementor-repeater-item-2b69fac td-content-type-default\" >AC 600 Kg<\/td><td data-label=\"Medidas\"   class=\"elementor-repeater-item-ffce253 td-content-type-default\" >CT3: Compr. 593mm x Alt. 424mm Com Bolacha 5\"<\/td><\/tr><tr><td data-label=\"Tipo\"   class=\"elementor-repeater-item-4037b35 td-content-type-default\" >AC 700 Kg<\/td><td data-label=\"Medidas\"   class=\"elementor-repeater-item-e1f5b8b td-content-type-default\" >CT6: Compr. 650mm x Alt. 454mm Com Bolacha 6\"<\/td><\/tr><tr><td data-label=\"Tipo\"   class=\"elementor-repeater-item-dd1469b td-content-type-default\" >AC 800 Kg<\/td><td data-label=\"Medidas\"   class=\"elementor-repeater-item-02c4299 td-content-type-default\" >CT4: Compr. 650mm x Alt. 454mm Com Bolacha 8\"<\/td><\/tr><tr><td data-label=\"Tipo\"   class=\"elementor-repeater-item-498927b td-content-type-default\" >AC 1000 Kg<\/td><td data-label=\"Medidas\"   class=\"elementor-repeater-item-889c526 td-content-type-default\" >CT5: Compr. 655mm x Alt. 485mm Com Bolacha 8\"<\/td><\/tr><tr><td data-label=\"Tipo\"   class=\"elementor-repeater-item-9876460 td-content-type-default\" >AC 1300 Kg<\/td><td data-label=\"Medidas\"   class=\"elementor-repeater-item-c6beb41 td-content-type-default\" >CT7: Compr. 800mm x Alt. 485mm Com Bolacha 8\"<\/td><\/tr><tr><td data-label=\"Tipo\"   class=\"elementor-repeater-item-b01f6e8 td-content-type-default\" >AC 1500 Kg<\/td><td data-label=\"Medidas\"   class=\"elementor-repeater-item-2a116e7 td-content-type-default\" >CT7: Compr. 800mm x Alt. 485mm Com Bolacha 8\"<\/td><\/tr><tr><td data-label=\"Tipo\"   class=\"elementor-repeater-item-64025a1 td-content-type-default\" >AC 2000 Kg<\/td><td data-label=\"Medidas\"   class=\"elementor-repeater-item-8590be4 td-content-type-default\" >CT7: Compr. 800mm x Alt. 485mm Com Bolacha 8\"<\/td>\t\t\t\t<\/tr>\n\t\t\t<\/tbody>\n\t\t<\/table>\n\t\t\n\t\t\t\t\t\t<\/div>\n\t\t\t\t<\/div>\n\t\t\t\t<div class=\"elementor-element elementor-element-9a90885 elementor-widget__width-auto elementor-widget elementor-widget-heading\" data-id=\"9a90885\" data-element_type=\"widget\" data-widget_type=\"heading.default\">\n\t\t\t\t<div class=\"elementor-widget-container\">\n\t\t\t\t\t<h2 class=\"elementor-heading-title elementor-size-default\">Galeria de Fotos<\/h2>\t\t\t\t<\/div>\n\t\t\t\t<\/div>\n\t\t\t\t\t<\/div>\n\t\t\t\t<\/div>\n\t\t<div class=\"elementor-element elementor-element-15ef1472 e-flex e-con-boxed wpr-particle-no wpr-jarallax-no wpr-parallax-no wpr-sticky-section-no wpr-equal-height-no e-con e-parent\" data-id=\"15ef1472\" data-element_type=\"container\" data-settings=\"{&quot;background_background&quot;:&quot;classic&quot;}\">\n\t\t\t\t\t<div class=\"e-con-inner\">\n\t\t\t\t<div class=\"elementor-element elementor-element-70158182 gallery-spacing-custom elementor-widget__width-auto elementor-widget elementor-widget-image-gallery\" data-id=\"70158182\" data-element_type=\"widget\" data-widget_type=\"image-gallery.default\">\n\t\t\t\t<div class=\"elementor-widget-container\">\n\t\t\t\t\t\t\t<div class=\"elementor-image-gallery\">\n\t\t\t<div id='gallery-1' class='gallery galleryid-2311 gallery-columns-5 gallery-size-thumbnail'><figure class='gallery-item'>\n\t\t\t<div class='gallery-icon landscape'>\n\t\t\t\t<a data-elementor-open-lightbox=\"yes\" data-elementor-lightbox-slideshow=\"70158182\" data-elementor-lightbox-title=\"01-ac-200\" data-e-action-hash=\"#elementor-action%3Aaction%3Dlightbox%26settings%3DeyJpZCI6Mjc0MywidXJsIjoiaHR0cHM6XC9cL2F2YW50ZXBvcnRhc2RlYWNvLmNvbS5iclwvaG9tZVwvd3AtY29udGVudFwvdXBsb2Fkc1wvMjAyM1wvMDVcLzAxLWFjLTIwMC5qcGciLCJzbGlkZXNob3ciOiI3MDE1ODE4MiJ9\" href='https:\/\/avanteportasdeaco.com.br\/home\/wp-content\/uploads\/2023\/05\/01-ac-200.jpg'><img decoding=\"async\" width=\"150\" height=\"150\" src=\"https:\/\/avanteportasdeaco.com.br\/home\/wp-content\/uploads\/2023\/05\/01-ac-200-150x150.jpg\" class=\"attachment-thumbnail size-thumbnail\" alt=\"\" \/><\/a>\n\t\t\t<\/div><\/figure><figure class='gallery-item'>\n\t\t\t<div class='gallery-icon landscape'>\n\t\t\t\t<a data-elementor-open-lightbox=\"yes\" data-elementor-lightbox-slideshow=\"70158182\" data-elementor-lightbox-title=\"02-ac-300\" data-e-action-hash=\"#elementor-action%3Aaction%3Dlightbox%26settings%3DeyJpZCI6Mjc0NSwidXJsIjoiaHR0cHM6XC9cL2F2YW50ZXBvcnRhc2RlYWNvLmNvbS5iclwvaG9tZVwvd3AtY29udGVudFwvdXBsb2Fkc1wvMjAyM1wvMDVcLzAyLWFjLTMwMC5qcGciLCJzbGlkZXNob3ciOiI3MDE1ODE4MiJ9\" href='https:\/\/avanteportasdeaco.com.br\/home\/wp-content\/uploads\/2023\/05\/02-ac-300.jpg'><img decoding=\"async\" width=\"150\" height=\"150\" src=\"https:\/\/avanteportasdeaco.com.br\/home\/wp-content\/uploads\/2023\/05\/02-ac-300-150x150.jpg\" class=\"attachment-thumbnail size-thumbnail\" alt=\"\" \/><\/a>\n\t\t\t<\/div><\/figure><figure class='gallery-item'>\n\t\t\t<div class='gallery-icon landscape'>\n\t\t\t\t<a data-elementor-open-lightbox=\"yes\" data-elementor-lightbox-slideshow=\"70158182\" data-elementor-lightbox-title=\"03-ac-800\" data-e-action-hash=\"#elementor-action%3Aaction%3Dlightbox%26settings%3DeyJpZCI6Mjc0NywidXJsIjoiaHR0cHM6XC9cL2F2YW50ZXBvcnRhc2RlYWNvLmNvbS5iclwvaG9tZVwvd3AtY29udGVudFwvdXBsb2Fkc1wvMjAyM1wvMDVcLzAzLWFjLTgwMC5qcGciLCJzbGlkZXNob3ciOiI3MDE1ODE4MiJ9\" href='https:\/\/avanteportasdeaco.com.br\/home\/wp-content\/uploads\/2023\/05\/03-ac-800.jpg'><img decoding=\"async\" width=\"150\" height=\"150\" src=\"https:\/\/avanteportasdeaco.com.br\/home\/wp-content\/uploads\/2023\/05\/03-ac-800-150x150.jpg\" class=\"attachment-thumbnail size-thumbnail\" alt=\"\" \/><\/a>\n\t\t\t<\/div><\/figure><figure class='gallery-item'>\n\t\t\t<div class='gallery-icon landscape'>\n\t\t\t\t<a data-elementor-open-lightbox=\"yes\" data-elementor-lightbox-slideshow=\"70158182\" data-elementor-lightbox-title=\"04-ac-1300\" data-e-action-hash=\"#elementor-action%3Aaction%3Dlightbox%26settings%3DeyJpZCI6Mjc0OSwidXJsIjoiaHR0cHM6XC9cL2F2YW50ZXBvcnRhc2RlYWNvLmNvbS5iclwvaG9tZVwvd3AtY29udGVudFwvdXBsb2Fkc1wvMjAyM1wvMDVcLzA0LWFjLTEzMDAuanBnIiwic2xpZGVzaG93IjoiNzAxNTgxODIifQ%3D%3D\" href='https:\/\/avanteportasdeaco.com.br\/home\/wp-content\/uploads\/2023\/05\/04-ac-1300.jpg'><img loading=\"lazy\" decoding=\"async\" width=\"150\" height=\"150\" src=\"https:\/\/avanteportasdeaco.com.br\/home\/wp-content\/uploads\/2023\/05\/04-ac-1300-150x150.jpg\" class=\"attachment-thumbnail size-thumbnail\" alt=\"\" \/><\/a>\n\t\t\t<\/div><\/figure><figure class='gallery-item'>\n\t\t\t<div class='gallery-icon landscape'>\n\t\t\t\t<a data-elementor-open-lightbox=\"yes\" data-elementor-lightbox-slideshow=\"70158182\" data-elementor-lightbox-title=\"05-ac-1500\" data-e-action-hash=\"#elementor-action%3Aaction%3Dlightbox%26settings%3DeyJpZCI6Mjc1MCwidXJsIjoiaHR0cHM6XC9cL2F2YW50ZXBvcnRhc2RlYWNvLmNvbS5iclwvaG9tZVwvd3AtY29udGVudFwvdXBsb2Fkc1wvMjAyM1wvMDVcLzA1LWFjLTE1MDAuanBnIiwic2xpZGVzaG93IjoiNzAxNTgxODIifQ%3D%3D\" href='https:\/\/avanteportasdeaco.com.br\/home\/wp-content\/uploads\/2023\/05\/05-ac-1500.jpg'><img loading=\"lazy\" decoding=\"async\" width=\"150\" height=\"150\" src=\"https:\/\/avanteportasdeaco.com.br\/home\/wp-content\/uploads\/2023\/05\/05-ac-1500-150x150.jpg\" class=\"attachment-thumbnail size-thumbnail\" alt=\"\" \/><\/a>\n\t\t\t<\/div><\/figure>\n\t\t<\/div>\n\t\t<\/div>\n\t\t\t\t\t\t<\/div>\n\t\t\t\t<\/div>\n\t\t\t\t\t<\/div>\n\t\t\t\t<\/div>\n\t\t\t\t<\/div>\n\t\t","protected":false},"excerpt":{"rendered":"<p>Automatizadores Automatizadores Sistema AC Sistema de alimenta\u00e7\u00e3o el\u00e9trica, de corrente alternada, essa \u00e9 a forma mais comum de eletricidade que chega a nossas casas, empresas e ind\u00fastrias. Os automatizadores AC utilizam esse sistema e s\u00e3o ligados diretamente \u00e1 rede el\u00e9trica e n\u00e3o possuem central de comando com Nobreak e controle remoto com 2 acionadores j\u00e1 unificado com botoeira para acionamento interno. Por esse Motivo em caso de falta de energia, seu acionamento ser\u00e1 feito manualmente por meio de uma corrente (talha) que acompanha o automatizador. O kit controle sem fio tem que ser instalado separadamente assim como seus demais acess\u00f3rios. Monof\u00e1sica 220 v DC AC200 AT\u00c9 AC2000 Tipo Medidas AC 200 Kg CT1: Compr. 530mm x Alt. 314mm Com Bolacha 4&#8243; AC 300 Kg CT2: Compr. 548mm x Alt. 363mm Com Bolacha 4&#8243; AC 400 Kg CT8: Compr. 580mm x Alt. 395mm Com Bolacha 4&#8243; AC 500 Kg CT3: Compr. 593mm x Alt. 424mm Com Bolacha 5&#8243; AC 600 Kg CT3: Compr. 593mm x Alt. 424mm Com Bolacha 5&#8243; AC 700 Kg CT6: Compr. 650mm x Alt. 454mm Com Bolacha 6&#8243; AC 800 Kg CT4: Compr. 650mm x Alt. 454mm Com Bolacha 8&#8243; AC 1000 Kg CT5: Compr. 655mm x Alt. 485mm Com Bolacha 8&#8243; AC 1300 Kg CT7: Compr. 800mm x Alt. 485mm Com Bolacha 8&#8243; AC 1500 Kg CT7: Compr. 800mm x Alt. 485mm Com Bolacha 8&#8243; AC 2000 Kg CT7: Compr. 800mm x Alt. 485mm Com Bolacha 8&#8243; Galeria de Fotos<\/p>\n","protected":false},"author":1,"featured_media":0,"parent":0,"menu_order":0,"comment_status":"closed","ping_status":"closed","template":"","meta":{"site-sidebar-layout":"no-sidebar","site-content-layout":"page-builder","ast-global-header-display":"","ast-banner-title-visibility":"","ast-main-header-display":"","ast-hfb-above-header-display":"","ast-hfb-below-header-display":"","ast-hfb-mobile-header-display":"","site-post-title":"disabled","ast-breadcrumbs-content":"","ast-featured-img":"disabled","footer-sml-layout":"","theme-transparent-header-meta":"default","adv-header-id-meta":"","stick-header-meta":"","header-above-stick-meta":"","header-main-stick-meta":"","header-below-stick-meta":"","_joinchat":[],"footnotes":""},"class_list":["post-2311","page","type-page","status-publish","hentry"],"_links":{"self":[{"href":"https:\/\/avanteportasdeaco.com.br\/home\/avante\/wp-json\/wp\/v2\/pages\/2311","targetHints":{"allow":["GET"]}}],"collection":[{"href":"https:\/\/avanteportasdeaco.com.br\/home\/avante\/wp-json\/wp\/v2\/pages"}],"about":[{"href":"https:\/\/avanteportasdeaco.com.br\/home\/avante\/wp-json\/wp\/v2\/types\/page"}],"author":[{"embeddable":true,"href":"https:\/\/avanteportasdeaco.com.br\/home\/avante\/wp-json\/wp\/v2\/users\/1"}],"replies":[{"embeddable":true,"href":"https:\/\/avanteportasdeaco.com.br\/home\/avante\/wp-json\/wp\/v2\/comments?post=2311"}],"version-history":[{"count":221,"href":"https:\/\/avanteportasdeaco.com.br\/home\/avante\/wp-json\/wp\/v2\/pages\/2311\/revisions"}],"predecessor-version":[{"id":3908,"href":"https:\/\/avanteportasdeaco.com.br\/home\/avante\/wp-json\/wp\/v2\/pages\/2311\/revisions\/3908"}],"wp:attachment":[{"href":"https:\/\/avanteportasdeaco.com.br\/home\/avante\/wp-json\/wp\/v2\/media?parent=2311"}],"curies":[{"name":"wp","href":"https:\/\/api.w.org\/{rel}","templated":true}]}}